e?
True
Is 50619827 prime?
True
Is 5199189 composite?
True
Is 8029469 composite?
True
Is 21931233 prime?
False
Is 8601639 prime?
False
Is 43020563 prime?
True
Is 7146551 a composite number?
True
Is 92238641 a composite number?
True
Is 28813223 a prime number?
True
Is 100462301 composite?
False
Is 13527247 a prime number?
True
Is 146598797 a prime number?
True
Is 2446 composite?
True
Is 25029809 composite?
True
Is 3595387 composite?
False
Is 293539291 composite?
True
Is 5363063 composite?
False
Is 981859 a prime number?
False
Is 149982521 a prime number?
False
Is 174471107 a composite number?
False
Is 5216321 a composite number?
True
Is 12698381 a composite number?
True
Is 29811049 composite?
True
Is 127068563 a composite number?
False
Is 627775453 a prime number?
False
Is 1577629 a composite number?
True
Is 19397243 a prime number?
True
Is 107125741 prime?
True
Is 27391187 a composite number?
True
Is 3101119 composite?
True
Is 20157205 prime?
False
Is 9775307 a prime number?
True
Is 2939111 prime?
False
Is 328019 a prime number?
False
Is 3919169 composite?
False
Is 446353 a composite number?
False
Is 97610221 a prime number?
False
Is 21312017 a prime number?
True
Is 42821867 composite?
True
Is 3402757 prime?
False
Is 25635743 a composite number?
True
Is 7281719 a composite number?
True
Is 11220487 composite?
False
Is 39239563 composite?
True
Is 1297087 a composite number?
True
Is 11630893 composite?
True
Is 1679261 a composite number?
False
Is 29977099 a prime number?
True
Is 21162171 composite?
True
Is 21393971 a composite number?
True
Is 924457 composite?
True
Is 7255877 a prime number?
False
Is 32173439 composite?
False
Is 4989899 prime?
False
Is 78304229 prime?
False
Is 1102393 composite?
False
Is 898607 composite?
False
Is 245814421 a composite number?
True
Is 197905 a composite number?
True
Is 10465193 composite?
False
Is 61199777 prime?
False
Is 7251161 composite?
True
Is 33779951 a prime number?
True
Is 101522093 a prime number?
False
Is 531149 a composite number?
True
Is 5626415 a composite number?
True
Is 15665413 prime?
False
Is 639715127 a composite number?
True
Is 16385591 a prime number?
False
Is 5940451 a prime number?
False
Is 12285587 prime?
True
Is 142611073 a prime number?
False
Is 153767329 composite?
True
Is 609527 a prime number?
True
Is 304945727 composite?
False
Is 9279527 a composite number?
False
Is 7970363 a prime number?
False
Is 4425571 composite?
False
Is 148353743 a prime number?
True
Is 1542823 a composite number?
False
Is 987668131 a composite number?
True
Is 4966889 a prime number?
True
Is 64658557 a prime number?
True
Is 6808849 a prime number?
False
Is 5668867 a prime number?
True
Is 5806841 a composite number?
False
Is 6230069 composite?
False
Is 285056201 a prime number?
True
Is 453281927 composite?
True
Is 26216681 composite?
False
Is 567401 a prime number?
True
Is 10112915 a prime number?
False
Is 8858582 composite?
True
Is 52080643 a prime number?
True
Is 713647 composite?
True
Is 252893573 a composite number?
False
Is 1358197 prime?
True
Is 12325279 composite?
False
Is 380832053 a prime number?
False
Is 189156043 a composite number?
True
Is 1259585 a composite number?
True
Is 2054891 a composite number?
True
Is 22005761 composite?
True
Is 9019021 prime?
False
Is 611095 prime?
False
Is 7954127 a prime number?
True
Is 297952937 composite?
False
Is 7776211 a prime number?
True
Is 1216123 a composite number?
False
Is 41927971 composite?
False
Is 165529849 a prime number?
True
Is 63517505 a prime number?
False
Is 21881459 composite?
False
Is 35025743 composite?
False
Is 2014423 composite?
False
Is 370923661 prime?
True
Is 435706781 composite?
False
Is 22003679 a prime number?
True
Is 2406373 prime?
True
Is 34458121 composite?
True
Is 1074427 prime?
True
Is 80813563 prime?
False
Is 793223 a prime number?
False
Is 163026419 prime?
True
Is 586591 composite?
True
Is 1302859 a composite number?
True
Is 64440629 prime?
False
Is 5953513 composite?
True
Is 67127353 composite?
True
Is 4997029 prime?
True
Is 4394983 composite?
False
Is 406067959 prime?
False
Is 5258167 composite?
False
Is 7626979 a composite number?
False
Is 234452527 composite?
False
Is 856897 a prime number?
True
Is 98459 prime?
True
Is 17369735 prime?
False
Is 2400551 a composite number?
False
Is 199088679 a prime number?
False
Is 230318153 prime?
False
Is 20768857 a prime number?
False
Is 159757769 a composite number?
False
Is 3681563 composite?
True
Is 406091 prime?
False
Is 4423117 prime?
True
Is 11486171 composite?
True
Is 585757779 a prime number?
False
Is 9334711 prime?
False
Is 20564731 a composite number?
True
Is 1177129 prime?
True
Is 420159 a prime number?
False
Is 34202271 prime?
False
Is 299661979 a prime number?
False
Is 90161287 composite?
False
Is 171843631 a composite number?
False
Is 2758447 prime?
True
Is 11753561 prime?
True
Is 4193633 composite?
False
Is 3766297 a prime number?
True
Is 278226703 composite?
True
Is 20477 a prime number?
True
Is 4975543 composite?
True
Is 13637479 prime?
False
Is 1798889 a composite number?
True
Is 1334989427 composite?
False
Is 17187281 composite?
False
Is 805393817 a composite number?
False
Is 4910173 a composite number?
False
Is 4348709 composite?
False
Is 140334419 prime?
True
Is 22972819 composite?
True
Is 61281253 a composite number?
True
Is 1485007 a composite number?
True
Is 36033593 composite?
False
Is 14829533 prime?
True
Is 33349409 prime?
True
Is 2203291 a composite number?
False
Is 99251 a composite number?
False
Is 7556345 composite?
True
Is 727663 a prime number?
False
Is 10744639 a prime number?
True
Is 18408419 a composite number?
False
Is 147013379 prime?
False
Is 51586859 composite?
False
Is 91006 a prime number?
False
Is 2808863 a prime number?
True
Is 22141 a prime number?
False
Is 116690597 a composite number?
False
Is 7773739 prime?
True
Is 364236727 composite?
False
Is 2576549 prime?
True
Is 77255 prime?
False
Is 16039253 a prime number?
True
Is 3205985 a prime number?
False
Is 6416185 a composite number?
True
Is 2216393 a prime number?
False
Is 24331859 composite?
False
Is 317176591 composite?
False
Is 31283041 a composite number?
True
Is 8069701 prime?
False
Is 122988367 prime?
True
Is 5193613 a composite number?
False
Is 16795307 a prime number?
True
Is 130931471 a prime number?
False
Is 7736327 a prime number?
True
Is 139868767 a composite number?
False
Is 1999813 a prime number?
False
Is 14570009 composite?
True
Is 100262605 a prime number?
False
Is 1291622173 a prime number?
True
Is 44289781 composite?
False
Is 1595479 a composite number?
True
Is 12904687 prime?
False
Is 58661903 prime?
True
Is 10644967 composite?
False
Is 344460299 prime?
True
Is 3771907 a composite number?
False
Is 8959157 prime?
True
Is 398937341 a composite number?
True
Is 79784101 prime?
True
Is 2886911 a prime number?
True
Is 9681647 a prime number?
False
Is 35182361 a composite number?
True
Is 3711046 a composite number?
True
Is 19993927 a prime number?
True
Is 435573761 a composite number?
True
Is 3322057 prime?
False
Is 12786413 composite?
True
Is 3920501 prime?
False
Is 139939 composite?
False
Is 16164613 a composite number?
False
Is 719147657 a composite number?
False
Is 21311809 a composite number?
False
Is 85435583 a prime number?
False
Is 997859 a composite number?
True
Is 2949043 composite?
False
Is 95439937 prime?
True
Is 535421 composite?
True
Is 56279407 a composite number?
False
Is 123063173 composite?
False
Is 63637063 a prime number?
False
Is 43698433 composite?
False
Is 127985245 a prime number?
False
Is 15681189 composite?
True
Is 3501767 a prime number?
False
Is 6231913 composite?
False
Is 490601 prime?
False
Is 5182867 prime?
True
Is 4171489 composite?
True
Is 52475011 a prime number?
False
Is 5101823 prime?
False
Is 2022829 a composite number?
True
Is 5245813 prime?
True
Is 25439471 a composite number?
False
Is 34435997 prime?
False
Is 87721363 prime?
False
Is 159971531 a prime number?
True
Is 116995 composite?
True
Is 1032418015 a prime number?
False
Is 7409891 prime?
True
Is 179475269 prime?
True
Is 1340081 a prime number?
False
Is 1423159 prime?
True
Is 25100407 composite?
True
Is 102239 a composite number?
True
Is 52319 a composite number?
True
Is 901379 a prime num